7 + 1)) - 0
29
Calculate 15 - (-8 + 21 + -7).
9
Calculate (8 - 1 - (-421 - -414)) + -18.
-4
Calculate 484 - 482 - (-11 + 0).
13
What is -21 + (1 - -20) + 0 + 1?
1
Evaluate 16 + -13 + -5 + (-2 - 7 - 3).
-14
Calculate -3 + (-58 - -96) - (1 - -7).
27
What is the value of -47 + -6 + 21 + 12?
-20
Calculate 10 - 2 - 1 - (9 + 6).
-8
Calculate 14 - (62 + (-6 - 27)).
-15
Evaluate 3 - 19 - -9 - ((-1 - 1) + 3).
-8
What is the value of -12 + 0 + (-7 - 4) + 5 + 8?
-10
What is the value of (-11 - (7 + (-29 - -6))) + (-1 - 3)?
1
What is the value of -32 + 28 + 6 + 1 - 8?
-5
Calculate (5 - 13 - -13) + (-9 - -5).
1
What is the value of 1 - (4 + 18 + (7 - 17)) - 5?
-16
What is -4 + -7 + 1 - (22 + -32)?
0
Calculate -3 + 2 + -8 + 17 + 3.
11
Evaluate 35 + -38 - (0 - -1) - (-9 - 3).
8
Evaluate 2 + (-14 - (7 - (-8 - -1))).
-26
What is (12 - (10 - 7) - 4) + -4 + -7?
-6
Evaluate (-5 - (8 - (5 - 6 - -6))) + 1.
-7
12 - (-11 - (7 - (4 + 10)))
16
Evaluate -54 + 50 + -10 + 4.
-10
Evaluate 0 + (-1 - (9 - 5)) - (113 - 116).
-2
Calculate 11 + (-4 - -2) - (-27 + 37).
-1
Calculate 44 - (86 - (-38 - -63)).
-17
Calculate (-9 - 1) + 8 + 9 + -27.
-20
-15 - (5 - 12) - (2 + 0)
-10
Calculate 3 - ((-2 - 0) + (23 - 6) + 2).
-14
What is the value of (-2 + 16 - 5) + (4 - 27)?
-14
4 - ((-5 - -4 - 2) + -5 + 2)
10
What is the value of 17 - (23 + -2) - (-26 - (4 - -1))?
27
What is the value of -512 + 519 - (1 + 0 + (15 - 2))?
-7
What is 12 + 2 - -3 - 18 - -12?
11
What is -2 + 24 + -24 - ((0 - 2) + 1)?
-1
Calculate (2 - -5) + 5 + -7 - 3.
2
Evaluate (88 - 75) + (-8 - 1).
4
What is the value of (10 - 2) + (-94 - -96)?
10
Evaluate 2 + -9 + -9 + 16.
0
Evaluate -4 + 4 + -6 + (-3 - -3) - -6.
0
3 + (-6 + 5 - (1 - -1) - -10)
10
What is the value of 2 - -20 - (18 + -25)?
29
What is (0 - -4) + -13 + (-2 - 4) + 1?
-14
What is the value of -8 + -5 + 4 - ((4 - 6) + 8)?
-15
-95 - -105 - (2 + (-19 - 1))
28
Calculate 7 + (5 - -16 - 37).
-9
(21 - 25) + (2 - 1) + 2 - -13
12
What is the value of -23 - -26 - (2 + -2 + 1 - 5)?
7
Calculate 1 + 2 + (35 - 35) + -3 + 1.
1
Calculate (4 - -2 - 5) + (0 - -5).
6
24 - (12 + (0 - -4) + -11 + -14)
33
What is the value of -19 - (-1 + 3) - (18 + -57 + 33)?
-15
-2 - (9 - -13) - -25
1
-51 - (-6 - (52 + -39))
-32
What is the value of (0 - 7) + (5 - 2) + (12 - 1)?
7
Evaluate 5 - (-2 + -6 + (-3 - (8 + -12))).
12
What is the value of 0 + 2 + (-3 - -6) - -4?
9
-1 + 2 + 10 - (-10 + -5 - -10)
16
2 + 7 - 2 - (-9 - (2 - 1))
17
8 - (-1 + -8 + 16 + -5)
6
Evaluate 5 - (-5 + 4 + 3) - (5 + -11).
9
What is the value of 0 + -3 + (6 - 17)?
-14
What is the value of 3 - (-4 + 3) - ((-6 - 1) + 7)?
4
Calculate -24 + 47 - 30 - 20.
-27
(-16 + 7 + (11 - 17) - -4) + 1
-10
Evaluate (-31 - -26) + (-10 - (-4 - (2 + -5))).
-14
What is (-2 - -9) + 2 + (32 - (41 - -8))?
-8
What is the value of (23 - (11 + 24)) + -1 + 7?
-6
Evaluate (3 - (5 + -4) - 2) + -7 + 18.
11
Evaluate 8 + 2 + (1 - 10).
1
Calculate -5 - (-1 - -9) - (-45 - -64).
-32
19 - (-4 - (-3 + (4 - 4) - 9))
11
What is the value of -19 - (-3 + 5 + -2 + 5 + -2)?
-22
What is the value of (-33 - -34) + (-10 - -7 - (-5 + 1))?
2
What is the value of 17 - 31 - -5 - (-2 - -5)?
-12
Evaluate 22 - (-5 + 21 - 9).
15
Calculate (2 - (10 - -2)) + (-1 - (3 - 3)).
-11
Calculate -11 + -2 + 0 + 3 + (7 - 9).
-12
What is 7 + (2 + -2 - 4) + (-37 - -50)?
16
What is the value of 12 + -2 + 2 + -20 + 5?
-3
Evaluate -67 + 69 - (-1 + 22).
-19
What is -2 - -3 - (-17 + 8 + 4)?
6
What is the value of 2 + -3 - ((-8 - -6) + 5)?
-4
What is (33 - (21 - -1)) + 2 + -25?
-12
Calculate 11 + (-10 - (-3 + 7 + -9)) + -16.
-10
Calculate (28 - (0 + 3 + 0 + -4)) + -7.
22
0 + -6 + 6 + (11 - 17)
-6
What is the value of ((-4 - -8) + 2 - 16) + 19?
9
(0 + -14 - 16) + 21
-9
What is 0 + -5 - (-17 - (-32 - -15))?
-5
What is the value of 8 - (-12 + (-9 - -10) + 43)?
-24
Evaluate (-60 - (-42 - -26)) + 20.
-24
What is -27 + 4 + 13 + 13?
3
-6 + 9 - ((-1 - 3) + 3 + -1)
5
What is the value of (0 - 0) + 23 - (501 + -495)?
17
What is (-24 - (-22 + 18)) + 28?
8
-7 - (7 + 12) - -18
-8
Evaluate 0 + 7 + (-6 - -14 - 25).
-10
What is the value of 0 + -27 - (-49 + 1 + 35)?
-14
-1 + 9 - (-7 + 1 + 10 + -9)
13
2 + -1 - 7 - ((3 - 1) + 1)
-9
What is the value of (-4 - (-4 + 4)) + (-27 - -30)?
-1
Calculate -1 + -2 + 1 - (-24 + (9 - -15)).
-2
What is the value of 1 - (-109 + 113 - (-3 - 0))?
-6
-14 + -1 + -6 + (-69 - -84)
-6
Evaluate -3 + (-1 + -3 - (7 + 19 + -24)).
-9
Evaluate -11 + (18 - 8) + 4 + 3.
6
What is 4 + -2 - -14 - 11 - 39?
-34
Calculate 2 + -9 + 4 + (6 - -15).
18
What is the value of (2 - 0) + -31 + 36 + 4?
11
Calculate -11 + 34 - (35 + -23).
11
Evaluate (-3 - (-3 - -3)) + (-12 - (-14 + -18)).
17
Evaluate (2 - -19) + (-3 + -28 - -32).
22
(-4 - 16 - (9 - -2)) + (8 - 3)
-26
Evaluate 12 - 11 - -5 - (4 - (-1 + 1)).
2
What is 6 + (-18 - ((-6 - -1 - -7) + 8))?
-22
(15 + -6 - (-1 + -4)) + -27
-13
What is -6 + (3 - -1 - (-10 + 15 + -6))?
-1
Evaluate -3 - (-3 + (-9 + 18 - 2)).
-7
Evaluate (24 - -11 - -5) + -35.
5
-8 + 5 + -9 - -3 - -9
0
What is -65 + (-69 - -42) + 56?
-36
Calculate (-1 - -20) + -2 + (-75 - -29) + 40.
11
What is 13 - (-15 - (1 + -13 + -5))?
11
What is -1 + 15 - (-27 + 54)?
-13
Evaluate 33 + (20 - (34 - -11)).
8
Calculate 0 + 12 + -5 + 1 + 6 + 6.
20
14 + 4 + -8 + 5 - (1 - -1)
13
What is the value of 15 - -6 - (-11 + 17)?
15
Evaluate 1 + (18 - 10 - 6).
3
Calculate 9 + (10 - 12) - (-2 + 9).
0
Calculate -3 + 9 + 15 + -1.
20
2 + -1 + 0 - (-31 - -28 - -8)
-4
What is 0 - (-4 - -4 - 13)?
13
Calculate -46 - -7 - -20 - -40.
21
What is 58 + -60 + (-3 + 0 - -21)?
16
What is the value of -2 + -5 - (0 + -1 + 5 + -13)?
2
Calculate -15 + (-8 + -2 + 2 - -11).
-12
-12 - (5 + -28 - -13)
-2
Evaluate 0 - (-3 + 0 - -4) - (-13 + 0).
12
What is -8 + (-8 + 4 - -8) + (4 - -2)?
2
Calculate 13 - (19 + -2 + -14).
10
Calculate 15 - (-16 + 4 - -21).
6
What is 7 - (3 - 2) - (3 + 3 + -10)?
10
Evaluate -14 - (-12 + (21 - 11) - 11).
-1
2 + 1 - (-20 + 6 + 11)
6
What is -77 - -74 - (-1 - -17)?
-19
Calculate 1 - (19 - 13 - 15).
10
Calculate 66 + -70 - (-2 - (8 - 2)) - 21.
-17
-8 - ((2 + -3 - -1) + -26 + 27)
-9
Evaluate 1 + -3 - (77 - 59 - -11).
-31
What is the value of -3 + 41 + -21 + 6 + 0?
23
Calculate (0 - (6 + (4 - 2))) + 3220 + -3213.
-1
What is the value of 44 - 19 - (3 - ((-7 - 4) + 2))?
13
(13 - 7 - -8) + -12
2
(-2 - -4 - 4) + (-35 + 0 - -26)
-11
What is the value of -4 - (57 + -51) - (-10 + (2 - 0))?
-2
What is the value of -13 + 1 + (11 - (9 - 8))?
-2
Evaluate (1 - 14) + -26 + 11 + 4.
-24
What is -3 + -10 + (4 - -17)?
8
Calculate 14 + -1 + 25 + -21 + (-1 - 3).
13
What is -7 + 12 - (-1 - 1 - (-30 + 31))?
8
Calculate (4 - (-13 + 7 - -16) - -16) + -25.
-15
What is (1 - -5) + 0 + 8 + -16?
-2
What is the value of -160 - -171 - (4 + (-10 - -4))?
13
What is (14 - -1) + (22 - (-50 - -62))?
25
Calculate -2 + -30 + (-11 - -28) + -14.
-29
What is the value of 6 - (42 + (16 - 31) + -10)?
-11
Calculate -9 + -23 + (16 - -11).
-5
6 + -1 + (-3 - (-11 - -4) - 1)
8
Evaluate 7 - ((8 - (2 - -5)) + -8 - -4).
10
Evaluate -13 - (-2 + -18 + 24 + -12).
-5
Evaluate 5 + -1 + -4 + -6 + 2.
-4
-5 + 10 + -2 + -14
-11
Evaluate (-7 - -3) + (10 + -25 - -8).
-11
-198 + 200 - (-1 + -11)
14
Calculate 35 - 19 - (-3 - -10) - 6.
3
What is (-8 - 10 - 2) + (-2 - -10) - -3?
-9
(3 - (-7 + 25)) + 13
-2
Evaluate (99 - 96) + 0 + 8 - 0.
11
What is (-6 - (15 - 13)) + (3 - (-3 + -1))?
-1
(-9 - 4) + 11 + 8
6
What is (-7 - -1) + 6 + 1 + (-16 - -5)?
-10
Evaluate (1 - -1) + (-31 - -27) + -1 + 3.
0
Evaluate 3 + (2 - (4 + 6)) + 20.
15
What is the value of 2144 - 2152 - (-1 + 1 + -17)?
9
Calculate 6 + (-2 - -9) + (-41 - -33).
5
What is the value of (3 - 8) + (-24 - -27 - -21)?
19
Calculate (12 - (41 - 26)) + 0 + -3.
-6
What is the value of 53 - (-29 - -10 - (1 - 33))?
40
What is 4 + -6 + 13 + (-6 - 31)?
-26
What is 5 - -10 - (3 + 18) - (5 - 1)?
-10
Calculate -223 + 234 + (1 - 21).
-9
What is 6 + -16 + 0 + 10 + 10?
10
What is (-31 - -10) + 5 + 4?
-12
What is 3 + 0 + (-2 - -26 - (8 - -8))?
11
Calculate -4 + -3 + 14 + -9.
-2
Evaluate -16 - (4 + (-13 - 16)).
9
What is 12 - (3 - (-2 + 5) - -6) - 23?
-17
Calculate 13 - 2 - -1 - (-57 - -43 - -62).
-36
Calculate 2 + 5 + (-20 - (17 + -14)).
-16
What is 3 + (-3 - -14) + -11?
3
Calculate (-2 - 4) + -7 + 18.
5
Evaluate (-123 + 108 - (7 + 0)) + 1